 remainder when 114516 is divided by 28203.
1704
Calculate the remainder when 19833 is divided by 8397.
3039
What is the remainder when 523774 is divided by 815?
544
Calculate the remainder when 99381 is divided by 581.
30
Calculate the remainder when 658493 is divided by 351.
17
What is the remainder when 264690 is divided by 14703?
36
Calculate the remainder when 158868 is divided by 30.
18
What is the remainder when 4881 is divided by 2013?
855
What is the remainder when 296285 is divided by 98751?
32
What is the remainder when 94533508 is divided by 126?
118
Calculate the remainder when 6038199 is divided by 3423.
27
Calculate the remainder when 4201048 is divided by 5001.
208
Calculate the remainder when 378027 is divided by 602.
573
Calculate the remainder when 272313 is divided by 68076.
9
Calculate the remainder when 268652 is divided by 38371.
55
Calculate the remainder when 1146 is divided by 371.
33
Calculate the remainder when 12807 is divided by 4151.
354
Calculate the remainder when 5639375 is divided by 31.
10
Calculate the remainder when 1004353 is divided by 64.
1
Calculate the remainder when 12603397 is divided by 9599.
9509
Calculate the remainder when 240842849 is divided by 25.
24
What is the remainder when 182424 is divided by 35?
4
What is the remainder when 863707 is divided by 1065?
1057
Calculate the remainder when 122657 is divided by 1305.
1292
Calculate the remainder when 1048556 is divided by 524207.
142
What is the remainder when 647547 is divided by 215849?
0
What is the remainder when 1578365 is divided by 1164?
1145
Calculate the remainder when 123969 is divided by 13626.
1335
Calculate the remainder when 1678204 is divided by 9329.
8313
Calculate the remainder when 282569 is divided by 715.
144
Calculate the remainder when 1142430 is divided by 126887.
447
What is the remainder when 3742461 is divided by 233?
15
Calculate the remainder when 38057 is divided by 18552.
953
What is the remainder when 750866 is divided by 380?
366
Calculate the remainder when 8383617 is divided by 1676717.
32
What is the remainder when 172567 is divided by 148?
147
What is the remainder when 868937 is divided by 289626?
59
What is the remainder when 941442 is divided by 4184?
42
Calculate the remainder when 438410 is divided by 640.
10
What is the remainder when 667513 is divided by 667424?
89
Calculate the remainder when 4216928 is divided by 397.
391
Calculate the remainder when 9352546 is divided by 717.
715
What is the remainder when 1146812 is divided by 191134?
8
What is the remainder when 7087155 is divided by 44?
31
What is the remainder when 1834295 is divided by 366853?
30
Calculate the remainder when 257453 is divided by 1334.
1325
What is the remainder when 36613 is divided by 4678?
3867
What is the remainder when 426069 is divided by 5362?
2471
Calculate the remainder when 5472865 is divided by 896.
97
What is the remainder when 496273 is divided by 2870?
2633
What is the remainder when 123025731 is divided by 13?
10
Calculate the remainder when 74578907 is divided by 2638.
9
What is the remainder when 8280250 is divided by 272?
26
What is the remainder when 3523496 is divided by 1012?
724
What is the remainder when 682167294 is divided by 2533?
2531
What is the remainder when 6072903 is divided by 97950?
3
What is the remainder when 17461503 is divided by 6129?
6111
Calculate the remainder when 391590 is divided by 458.
0
What is the remainder when 51179 is divided by 16197?
2588
Calculate the remainder when 55878370 is divided by 36.
34
What is the remainder when 1068906 is divided by 402?
390
What is the remainder when 1270922 is divided by 70606?
14
Calculate the remainder when 315905378 is divided by 13.
9
Calculate the remainder when 15409348 is divided by 439.
9
What is the remainder when 22773650 is divided by 341?
306
Calculate the remainder when 2177241 is divided by 11165.
66
What is the remainder when 19817979 is divided by 9908978?
23
What is the remainder when 14762586 is divided by 3744?
3738
Calculate the remainder when 10045979 is divided by 70.
69
What is the remainder when 101656 is divided by 5177?
3293
What is the remainder when 5458992 is divided by 486?
240
What is the remainder when 33171943 is divided by 2455?
2438
Calculate the remainder when 156136 is divided by 1036.
736
What is the remainder when 12034938 is divided by 164?
126
Calculate the remainder when 60392497 is divided by 1700.
1697
Calculate the remainder when 300214 is divided by 196.
138
Calculate the remainder when 7572036 is divided by 83209.
17
What is the remainder when 14861910 is divided by 4953959?
33
Calculate the remainder when 19943566 is divided by 1532.
1522
What is the remainder when 2633062 is divided by 124?
46
Calculate the remainder when 491080 is divided by 1457.
71
Calculate the remainder when 65529530 is divided by 15.
5
Calculate the remainder when 301526 is divided by 864.
854
What is the remainder when 45764 is divided by 15186?
206
Calculate the remainder when 373461 is divided by 136.
5
What is the remainder when 105974 is divided by 1513?
64
What is the remainder when 33592312 is divided by 2592?
2584
What is the remainder when 4437469 is divided by 2218673?
123
What is the remainder when 1385743 is divided by 167?
144
Calculate the remainder when 19655239 is divided by 5385.
5374
What is the remainder when 19834189 is divided by 200?
189
What is the remainder when 77033693 is divided by 158?
3
What is the remainder when 1658722 is divided by 26326?
184
Calculate the remainder when 1788225 is divided by 2089.
41
What is the remainder when 535991 is divided by 710?
651
What is the remainder when 553300 is divided by 194?
12
Calculate the remainder when 698074 is divided by 8831.
425
Calculate the remainder when 57744 is divided by 2750.
2744
What is the remainder when 170585 is divided by 4735?
125
What is the remainder when 67161065 is divided by 962?
959
Calculate the remainder when 281285025 is divided by 74.
73
Calculate the remainder when 325347 is divided by 162056.
1235
What is the remainder when 592494 is divided by 41?
3
What is the remainder when 314875 is divided by 196?
99
Calculate the remainder when 36488931 is divided by 89.
88
What is the remainder when 236458 is divided by 4926?
10
What is the remainder when 404821 is divided by 2851?
2830
Calculate the remainder when 12355033 is divided by 1418.
1417
Calculate the remainder when 12165984 is divided by 26.
12
Calculate the remainder when 3003803 is divided by 3931.
519
What is the remainder when 1059450 is divided by 264839?
94
What is the remainder when 1275993 is divided by 106326?
81
Calculate the remainder when 246109 is divided by 478.
417
Calculate the remainder when 236915 is divided by 29565.
395
What is the remainder when 165713 is divided by 1219?
1148
What is the remainder when 4259094 is divided by 912?
54
Calculate the remainder when 55937 is divided by 55860.
77
What is the remainder when 3820822 is divided by 26?
18
Calculate the remainder when 73454 is divided by 2838.
2504
What is the remainder when 11026329 is divided by 2?
1
What is the remainder when 476665 is divided by 426?
397
What is the remainder when 11314928 is divided by 145?
143
What is the remainder when 404676220 is divided by 151?
146
Calculate the remainder when 861638 is divided by 2039.
1180
What is the remainder when 36015 is divided by 406?
287
What is the remainder when 20991713 is divided by 103?
4
What is the remainder when 2586857 is divided by 121?
119
Calculate the remainder when 37400 is divided by 1554.
104
What is the remainder when 1078662 is divided by 3380?
442
What is the remainder when 12726 is divided by 255?
231
Calculate the remainder when 83342 is divided by 72.
38
What is the remainder when 2562133 is divided by 9?
4
Calculate the remainder when 31395021 is divided by 1876.
161
Calculate the remainder when 24866744 is divided by 6175.
19
What is the remainder when 195089159 is divided by 2437?
2435
Calculate the remainder when 542872 is divided by 429.
187
Calculate the remainder when 181071 is divided by 158.
3
Calculate the remainder when 22636 is divided by 10846.
944
What is the remainder when 9629 is divided by 3229?
3171
